Suppose v = -x + 9 - 0. What is the units digit of x?
9
Let s = 52 + -18. What is the units digit of (-4)/6 + s/6?
5
Suppose o = -2*o + 12. What is the units digit of ((-54)/o)/((-12)/16)?
8
Let b = -100 - -147. What is the units digit of b?
7
Suppose -5*j + j = 2*r - 492, r = j + 246. What is the units digit of r?
6
Let v = -164 + 248. What is the units digit of v?
4
What is the units digit of 2/7 + (-793)/(-91)?
9
Let u = 0 + -4. Let r be -6*11 + u/2. What is the tens digit of 2/(-6) + r/(-6)?
1
Let x = 4 - -30. What is the tens digit of x?
3
Suppose 0 = 5*t - 776 - 379. What is the units digit of t?
1
Let p = 0 - -10. What is the units digit of p?
0
Suppose 0 = -o + 3*a, 3*o + o - 4*a = 40. Let t = o - 9. Let w(r) = r - 4. What is the units digit of w(t)?
2
What is the tens digit of 506/7 - 16/56?
7
Let q(w) = 4*w - 3. Suppose 3*o + 5*m = 6, -5*o + 0*m - m = 12. Let f be q(o). What is the tens digit of 1/(-3)*2*f?
1
Suppose -188 = -g - 3*g. Suppose q + 14 = g. What is the units digit of q?
3
Let k = 13 - 22. Let m = k + 15. What is the units digit of (-4)/m - (-42)/9?
4
Let k(c) = c**3 - c**2 - c. Let g be k(2). Suppose 2*m + g*m = 44. What is the units digit of m?
1
Let z = -1 - 1. Let x be 3*(z + 1)*-1. Suppose -2*k + 10 = x*k. What is the units digit of k?
2
Let n(g) = 206*g + 19. What is the tens digit of n(2)?
3
Let i(c) = 2*c - 14. Let o = -17 + 30. What is the tens digit of i(o)?
1
Let x(v) be the third derivative of -v**5/60 - v**4/24 + v**3 + v**2. Let y = 30 + -30. What is the units digit of x(y)?
6
Let c(m) = -5*m**2 - 2*m + 2. Let d be c(-2). Let w = -10 - d. Suppose 0*h = w*h - 60. What is the units digit of h?
5
Suppose 2*v + 30 = 4*b, -4*v - 5 = b + 2*b. What is the units digit of b?
5
Let g = 3 + -7. Let y = g + 10. Suppose -3 + y = 3*a. What is the units digit of a?
1
What is the tens digit of 2/10 + (-49)/(-5)?
1
What is the units digit of ((-14)/7)/(1 + -3)?
1
Suppose 35 + 4 = 3*t - 4*z, -t - z = -6. Suppose -5*v = f - 35, -2*v - v - 3*f + t = 0. What is the units digit of v?
8
Let a(l) = -l**2 + 6*l + 10. What is the tens digit of a(6)?
1
Let z(s) = 39*s**2 + 2*s + 2. Let d(i) = 20*i**2 + i + 1. Let k(y) = -5*d(y) + 3*z(y). What is the units digit of k(-1)?
7
Let m(n) = 0 + 0 - 6*n + 2. Let o be m(4). Let d = -12 - o. What is the units digit of d?
0
Suppose -2*k = -2*y + 4, -2*k + y - 4 = -2. Let w be (-9)/(-3) - 2 - -6. Let o = k + w. What is the units digit of o?
7
Suppose 4*z + q - 27 - 277 = 0, 0 = 5*q + 20. Let a = z - 49. What is the tens digit of a?
2
Suppose -4*x + 6*u + 14 = 4*u, -3*u + 3 = -2*x. Suppose j - 2*j = 3. Let d = x + j. What is the units digit of d?
3
Let z(p) = -p**3 - 6*p**2 + 13*p - 4. Let a be z(-9). Let w = a + -71. What is the tens digit of w?
5
Suppose -606 = -4*s - 2*s. What is the hundreds digit of s?
1
Suppose -4*o - k = -89, -8*o + 77 = -4*o + 5*k. Let r = o + -10. What is the tens digit of r?
1
Suppose 4*c + b = -b + 10, c + 4*b = -15. What is the units digit of 2/c + (-189)/(-15)?
3
Let d = -20 + 16. What is the tens digit of -2 + (-30)/(-1) + d?
2
Let z(w) = w**3 - 3*w**2 + w - 9. Suppose 22 = 5*i - g + 3*g, 2*g - 18 = -4*i. What is the units digit of z(i)?
1
Suppose 0 = 2*u + 3*u + 4*m - 21, -2*u - 5*m = -22. Let w = u - 12. Let a = 19 + w. What is the units digit of a?
8
Suppose 5*y - 2 - 13 = 0. Suppose -2*g + 1 = -y. What is the units digit of g?
2
Let x(h) = -h + 5. Let g be x(0). Let d(k) = -3*k - 7. Let b be d(g). What is the units digit of (-4)/b - 86/(-11)?
8
Let n = 7 - 7. Suppose 2*o + 5 + n = 3*d, 3*o + 6 = 4*d. What is the units digit of d?
3
Suppose 0 = -5*i + 2*i - 9. Let b(c) = c**3 + 4*c**2 - 4. Let m be b(i). Suppose -5*q - 5*g = -55, -q + 4 = -g - m. What is the tens digit of q?
1
Let k(z) = -34*z. Suppose -7*n + 2*n = 5. What is the tens digit of k(n)?
3
Suppose 0 = -3*g + 8*g. Suppose -2*d = -g*d - 32. What is the tens digit of d?
1
Let v = 233 + -105. What is the hundreds digit of v?
1
Let a = -50 - -34. Let f be (a/(-12))/((-4)/(-30)). Let h = f + 0. What is the tens digit of h?
1
Suppose 234 - 630 = -4*q + 4*p, -2*p + 317 = 3*q. What is the tens digit of q?
0
Let n = -6 + 20. What is the tens digit of n?
1
Let s(q) = 7 - q + 3*q - q. Let w be (6/9)/(2/21). What is the units digit of s(w)?
4
Suppose 1 = -q + 3*w, 0*w - 2*w - 34 = 2*q. Let r = q - -19. What is the units digit of r?
6
Suppose 4*q = -4*i + 920, 458 = -0*q + 2*q + 4*i. What is the units digit of q?
1
Suppose -o + h = -2*h + 21, 4*h = 3*o + 53. Let y = o - -34. What is the tens digit of y?
1
Suppose -50 = -3*h - 2*h. What is the tens digit of 118/h + 7/35?
1
Suppose 0 = 5*x - x - 16. What is the tens digit of -2 + x - (-10 - 0)?
1
Let j be (1/1)/(1 - 0). What is the units digit of (j + 38)*1/3?
3
Let p(w) = 3*w - 1. Let x be p(-8). Let g = x + 46. What is the units digit of g?
1
Suppose -2*z - 26 = -5*q, -z - 6 = -q + 1. Suppose q*u - 9 = 15. What is the units digit of u?
6
Let r(s) = -s**3 - 8*s**2 - 9*s - 6. Let o be r(-7). What is the units digit of (16/(-10))/(o/(-60))?
2
Suppose -4*d = -5*d - 2*u - 2, -d = -u + 2. What is the tens digit of 22*(-1)/d + 0?
1
Let o = 7 + -4. What is the units digit of o + (336/4)/4?
4
Let p(f) = 55*f - 34. What is the hundreds digit of p(4)?
1
Let d be (2/5)/(5/(-100)). Let b = 25 + d. Suppose 2*o + 6 = -4*t, 5*o + 2*t + 0*t - b = 0. What is the units digit of o?
5
Let o = 48 - 31. What is the tens digit of o?
1
Let b(u) be the second derivative of -11/2*u**2 + 1/3*u**3 + 0 - u. What is the units digit of b(10)?
9
Suppose 0 = -3*a - 2*w + 162, 4*a + w - 36 = 180. What is the tens digit of a?
5
Let v(g) = g**3 + g - 1. Let n(m) be the third derivative of -m**6/120 - m**4/24 - m**3/6 + m**2. Let k(h) = -2*n(h) - v(h). What is the units digit of k(0)?
3
Let c(y) = -y + 14. Let t be c(0). Let x be (-26)/3 + 2/3. Let v = t + x. What is the units digit of v?
6
Suppose 2*l - 4*l - 126 = -4*f, -5*f = -l - 162. What is the units digit of f?
3
Let a = 132 + -88. What is the units digit of a?
4
Let r(q) = 3*q - 5. Let c be 50/(-10)*2/(-2). Let y be r(c). Suppose -2*l = -y - 22. What is the units digit of l?
6
Let t(b) = b**2 - 2*b - 1. Let y be t(3). Let o be -2*(y/4 - 2). Suppose 0 = -o*l + 9 + 3. What is the units digit of l?
4
Suppose -2*o + 101 = 33. What is the tens digit of o?
3
Let o = 9 - 6. Suppose -2*y + 3*b + 37 = 2*y, o*y - b = 34. What is the units digit of y?
3
Let p = -172 - -250. What is the units digit of p?
8
Suppose -f = -5*f + 132. Let q = f + -23. What is the tens digit of q?
1
Suppose -3*f + 6*f = 159. What is the units digit of f?
3
What is the tens digit of 4/2 - (-90 - -2)?
9
Suppose 4*w + 41 = 5*w. Let o = w + -19. What is the tens digit of o?
2
Let o = -6 - -9. Let i(a) = a**2 - 4*a - 1. Let f be i(o). What is the units digit of (9/f)/(2/(-8))?
9
Suppose 2*l = -5*h + 22, -3*l + 8 = 3*h - 7. Let a be (1 - 4)/(-12)*h. Suppose 0 = -f + a + 7. What is the units digit of f?
8
Let s(l) = 2*l**3 + l**2 - 4*l + 9. What is the tens digit of s(4)?
3
Suppose 2*m = -5*y + 7, -y - 4*m = -0*m + 13. Let h be (-9 - y)*1/(-2). What is the units digit of 9/((-1)/(h/(-9)))?
6
Suppose -4*o + g + 610 = 3*g, 5*o = -2*g + 761. What is the units digit of o?
1
Let n be (-20)/(-35) - (-496)/14. Suppose 32*p + 100 = n*p. What is the tens digit of p?
2
Let y = -15 + 20. Suppose y*q - 135 = -0*q. What is the units digit of q?
7
Suppose 3*v + 415 = 5*l - 2*v, -2*l - 3*v + 181 = 0. What is the tens digit of (-9)/27 - l/(-6)?
1
Let b be (15/3 - 3)/1. Let i = b + 11. What is the tens digit of i?
1
Suppose 0 = -2*n + 5*n + 4*w - 7, -n + 24 = -3*w. Let k = n - 5. What is the units digit of k?
4
Suppose -h + 12 = 2*h. Suppose 2*p - 14 = -3*g + 6, h*g = 5*p - 27. What is the units digit of p?
7
Let u = -28 + 43. What is the tens digit of u?
1
Suppose -5*q - 39 = 4*k, 1 = 3*q - 2. What is the units digit of -1 - k - (-6 + 10)?
6
Suppose 0 = b - 4*a - 13, b + 0*b - 3*a - 10 = 0. What is the units digit of b?
1
Let n = 0 - 0. Suppose 0 = -3*r + 3 - 0. Let s = r - n. What is the units digit of s?
1
Suppose -12*u = -9*u - 942. What is the tens digit of u?
1
Suppose -5*r + 248 = -2*i, -29 = -2*r - i + 63. Suppose 6*o - r = 2*o. What is the units digit of o?
2
Let k(u) = u + 4. Let s be (2